e prime factors of ((-2108)/(-85))/((-4)/(-10))?
2, 31
Suppose 4*r - 29 = y - 2*y, 2*y - 3*r = 47. Let c be ((-36)/48)/(2/(-16)). Suppose -c*o + y = -o. List the prime factors of o.
5
What are the prime factors of 3 + (3 + 24)/3?
2, 3
Suppose -3*l + 3 = 0, -c - 2*l = -4*c + 4. Let f(u) = 3*u - 3. What are the prime factors of f(c)?
3
What are the prime factors of -3 - 2/4*-508?
251
Let r(k) = k**3 - 3*k**2 - 5*k - 2. Let s be r(5). Let q be s/7 + 4/(-14). Suppose -4*m - q*o = -13, -3*m - m - 2*o = -14. What are the prime factors of m?
2
Let l = -5 + 2. Let s = l - -8. List the prime factors of s.
5
Let a(t) = -7 + 5 - t + 0*t + 3*t**2. Let o be a(2). Suppose 3*r = -2*x + o, -7*x - 3*r + 29 = -2*x. What are the prime factors of x?
7
Let l = -17 + 12. What are the prime factors of l/((-5)/3) + 3?
2, 3
Suppose -6*k + 4*k = -34. Suppose 19 = -3*u - 11. Let n = u + k. List the prime factors of n.
7
Let y(i) = -2*i + 45. What are the prime factors of y(-27)?
3, 11
Let k be (30/2)/(3/2). Let w(j) = -j**3 + 10*j**2 + 3*j - 12. What are the prime factors of w(k)?
2, 3
Let t(v) = -v**2 - 8*v - 3. Let c be t(-6). Suppose 2*q + c = 3*q. What are the prime factors of q?
3
What are the prime factors of (5 - 6)/((-1)/29)?
29
Let w(b) = -2*b - 7. Let u(i) = 4*i + 15. Let s(j) = -2*u(j) - 5*w(j). Let v be s(4). Suppose v = 3*d - 11. What are the prime factors of d?
2
What are the prime factors of (-4)/6 - (-1112)/12?
2, 23
Let l = 15 - 12. What are the prime factors of l?
3
Let p = -86 - 208. List the prime factors of p/(-15) - 3/5.
19
Suppose -5*w - 230 = -10*w. What are the prime factors of w?
2, 23
Suppose 7*c - 4*c - 33 = 0. Suppose 0 = -14*o + c*o + 54. What are the prime factors of o?
2, 3
Let k = -8 + 31. Suppose s = -2*m + 25, 3*m - 2*m - k = -4*s. List the prime factors of m.
11
Let b(l) = 2*l**2 + 4*l - 1. What are the prime factors of b(-5)?
29
Let j = 41 + -27. Suppose -33 = -p + 2. Let h = p - j. List the prime factors of h.
3, 7
Suppose -2*s + 10 = -0*s. Suppose 0 = -5*q - 10, s*q = 3*m + 2*q - 15. What are the prime factors of m?
3
What are the prime factors of 6/(-15) - 1212/(-30)?
2, 5
Let y(q) = 8*q. Let x = -18 - -19. What are the prime factors of y(x)?
2
List the prime factors of -9 + 120 + -5 + 1 + 2.
109
Let t(h) be the third derivative of h**6/120 + h**5/5 + 3*h**4/8 - h**3 - h**2. List the prime factors of t(-11).
2
Let w = -314 - -569. List the prime factors of w.
3, 5, 17
Let r(s) = -s - 1. Let i be r(-6). Suppose 57 = i*k - 2*k + 3*y, 5*y - 5 = 0. What are the prime factors of k?
2, 3
Suppose 4*c = -3*x + 2*x - 21, 2*x - 4*c = 18. Let s be (0 + 0 - x) + -11. Let u = 20 + s. What are the prime factors of u?
2, 5
Suppose -5*j + 84 = -2*j. List the prime factors of j.
2, 7
Let d(x) = -x**3 - 3*x**2 - 6*x - 2. Let u be d(-4). Let h = 44 + u. Suppose -5*m + h = -0*m - 3*v, -5*v - 6 = m. What are the prime factors of m?
2, 7
Let h = 2 + -39. Let p = h + 64. What are the prime factors of p?
3
Let i = 5 - 3. Let f = i - 0. Suppose 3*w = -f*w + 75. What are the prime factors of w?
3, 5
Let u = 3 - 2. Let s = u + 7. Suppose -4*h - 88 = -s*h. List the prime factors of h.
2, 11
Let g = 4 - -12. What are the prime factors of (g/5)/((-20)/(-50))?
2
Suppose -3*p + 0 = -45. What are the prime factors of p?
3, 5
Let z be 3/(-6)*(15 + -1). What are the prime factors of 0 + z/(21/(-72))?
2, 3
Suppose 948 = 5*d - 4*k - 0*k, 8 = -4*k. List the prime factors of d.
2, 47
Let u(l) = -3*l**3 - 7*l**2 + 7*l - 9. Let v(x) = -4*x**3 - 7*x**2 + 7*x - 9. Let k(m) = -5*u(m) + 4*v(m). List the prime factors of k(6).
3
Let m = -14 + 8. What are the prime factors of (10/m)/(1/(-12))?
2, 5
Suppose o - 11 = -3*z + 5*o, -2*o - 23 = -5*z. Suppose 0 = -z*v + 4*v - 3. What are the prime factors of v/6*0 - -4?
2
Let r(n) = 37*n**2 - 2*n + 3. List the prime factors of r(1).
2, 19
Let v(x) = -x**3 - 2*x + 109. What are the prime factors of v(0)?
109
Let a(u) = 5*u**2 - 6*u + 1. Let r(p) = p**2 + 1. Let m(o) = a(o) - 6*r(o). Let q = 4 - 8. What are the prime factors of m(q)?
3
Let v(r) = 4*r - 2*r**2 - 12*r + r**2. Suppose -s = -2*s - 7. List the prime factors of v(s).
7
Suppose 0 = -3*q + 28 + 44. Let v = q + -11. List the prime factors of v.
13
Let d be 12/7 + 6/21. Let c(f) = f + f - 2 + d. List the prime factors of c(7).
2, 7
Let y(z) = -20*z. Let h be y(-1). Suppose -3*w - 2*w - 2*v = -16, 0 = w + 2*v. Suppose -w*x + h = 5*m, 4*x - m - 15 = x. What are the prime factors of x?
5
Let k = -8 - 1. Let g = k + 24. List the prime factors of g.
3, 5
Let k(c) = c**2 - 10*c + 32. List the prime factors of k(16).
2
Suppose 11*j - 16*j + 15 = 0. Let y be (-11)/(-4) - 2/(-8). Suppose -s - 21 = -y*z, j*z = s - 6*s + 3. List the prime factors of z.
2, 3
Suppose 0 = d - 20 - 30. What are the prime factors of d?
2, 5
Suppose 2*b = -3*t + 3*b - 11, -3*t + 4*b = 26. Let g = t + 8. List the prime factors of g.
2, 3
Let i(o) = o**3 - 14*o**2 + 15*o - 18. What are the prime factors of i(13)?
2
Suppose 6*d - 2*d = 188. What are the prime factors of d?
47
List the prime factors of (-4)/((-4)/13) + -1.
2, 3
Let h(v) = -3*v + 2. Let i(u) = -10*u + 7. Let y(b) = -7*h(b) + 2*i(b). Let j be y(3). Suppose -5*l + 2*g = -80, 2*g = j*g + 5. List the prime factors of l.
2, 7
Suppose 64 = -5*d - 96. Let v be 2/8 - (-1384)/d. Let a = 61 + v. List the prime factors of a.
2, 3
Suppose 5*y - y = -16. Let f be 12/(-7) + (-4)/14. What are the prime factors of y/(3/(12/f))?
2
Let h(g) = -g**2 - 10*g. Let i be h(-10). Suppose 14 = -7*t + 4*t - 5*m, -t - 4*m - 14 = i. List the prime factors of t.
2
Suppose 2*z = -0*z + 22. Suppose 66 = 5*p + z. List the prime factors of p.
11
Suppose -3*r + 7 = 52. Let j be 4/10 - 39/r. Suppose -j*q = 1 - 13. What are the prime factors of q?
2
Let y = -12 + 6. What are the prime factors of 3/((-9)/y) + 4?
2, 3
Suppose -2 + 4 = w + 2*a, 17 = w - a. List the prime factors of w.
2, 3
Suppose -60 = -2*v + 228. What are the prime factors of v?
2, 3
Let o be (-520)/50 - (-3)/(-5). Let u(c) = -3*c - 6. Let i be u(o). Let p = 46 - i. List the prime factors of p.
19
Let f(h) = -h**2 + 7*h - 6. Let t = -8 - -16. Let z = -4 + t. List the prime factors of f(z).
2, 3
What are the prime factors of 8/36 + 20/(-27)*-105?
2, 3, 13
Suppose -3 = -3*z + 3. Suppose -z*c + 31 = 11. Suppose 5*k + 4 = 3*n + k, 2*k = c. List the prime factors of n.
2
Suppose 0*s = s + 5*u - 32, -s + 24 = 3*u. Suppose 4*t = 2*t + s. Suppose -4*g + 14 = -t. List the prime factors of g.
5
Let o = 543 - 246. What are the prime factors of o?
3, 11
Suppose 4*t - 10 = 2*a + 32, -45 = -4*t + 5*a. List the prime factors of (-132)/(-30) - 4/t.
2
Let a be ((-33)/12 - -2)*-4. Let h be ((-15)/(-1))/a - 2. Suppose 3*n + h = -3*t + 24, -4*n + 30 = 5*t. List the prime factors of t.
2
Let r = 20 + -19. What are the prime factors of -9 - -47 - (1 - r)?
2, 19
Let a = -6 - -11. Suppose -i = 2*d - 17, -a*d + 2*i + 32 = -33. List the prime factors of d.
11
Let h(r) = r**3 + r**2 + 4*r + 5. What are the prime factors of h(3)?
53
Let x(b) = b**3 - 15*b**2 + 17*b - 1. List the prime factors of x(14).
41
Let b(r) = 9*r**2 - 15*r + 17. Let k(d) = -4*d**2 + 7*d - 8. Let p(y) = 6*b(y) + 13*k(y). What are the prime factors of p(-5)?
43
Let i(q) = 11*q**2 + 2*q + 3. What are the prime factors of i(-2)?
43
Let h(g) = -g**3 - 12*g**2 + 8*g - 5. What are the prime factors of h(-13)?
2, 3, 5
Let a be (3/(-2))/(3/8). Let b be a/(-18) - (-50)/18. List the prime factors of -1*(-1)/(b/30).
2, 5
Suppose -4*p = -3*u + 12 - 2, -2*u = -4*p - 8. List the prime factors of (3/3)/(u/12).
2, 3
Let u(k) = k**2 - 6*k + 12. What are the prime factors of u(9)?
3, 13
Let r(d) = d + 15. List the prime factors of r(-9).
2, 3
Suppose 0 = 5*d - 369 + 119. Suppose -4*k + 15 = h - 23, -4*k = -3*h + d. What are the prime factors of h?
2, 11
Suppose 2 = -2*l + 3*l. Suppose 5*p = l*r - 0*p - 37, 4*p = -12. List the prime factors of r.
11
Suppose -3*s + 15 = 0, -2*p + 57 = -0*p + 5*s. Suppose 0 = -5*l + p - 1. List the prime factors of l.
3
Let h(y) = -4*y**3 - y**2 + 2*y + 2. Let m be h(-2). Suppose n = m - 8. Suppose -4 - n = -2*k. List the prime factors of k.
11
Let i(k) = -k**2 + 9*k + 1. List the prime factors of i(3).
19
Let r be ((-12)/(-16))/((-1)/4). List the prime fact